{"id":85,"date":"2019-02-24T16:03:19","date_gmt":"2019-02-24T16:03:19","guid":{"rendered":"https:\/\/sephardicantata.shtetl.eu\/?page_id=85"},"modified":"2019-04-01T20:58:07","modified_gmt":"2019-04-01T20:58:07","slug":"entwicklungsuebersicht","status":"publish","type":"page","link":"https:\/\/sephardicantata.shtetl.eu\/index.php\/worum\/entwicklungsuebersicht\/","title":{"rendered":"entwicklungs\u00fcbersicht"},"content":{"rendered":"<h1 lang=\"zxx\"><strong><span style=\"font-size: large;\">essen | berlin | haifa \u2013 der j\u00fcdische komponist hans samuel (1901-1976)<\/span><\/strong><\/h1>\n<p lang=\"zxx\"><span style=\"font-size: large;\">auff\u00fchrende: ensemble <a href=\"http:\/\/shtetl.eu\" target=\"_blank\" rel=\"noopener noreferrer\"><i><b>shtetl<\/b><\/i> <\/a><\/span><\/p>\n<p lang=\"zxx\"><span style=\"font-size: large;\">projektidee: markus emanuel zaja<\/span><\/p>\n<p lang=\"zxx\"><span style=\"font-size: large;\">ausf\u00fchrungsleitung: ralf kaupenjohann, markus emanuel zaja<\/span><\/p>\n<h4 lang=\"zxx\"><span style=\"font-size: large;\"><span style=\"color: #000080;\">7. april 2019<\/span> <\/span><\/h4>\n<p lang=\"zxx\"><span style=\"font-size: large;\">auff\u00fchrung der werke in der <a href=\"https:\/\/www.erloeser-holsterhausen.de\/\" target=\"_blank\" rel=\"noopener noreferrer\">erl\u00f6serkirche essen<\/a>,<br \/>\nvortrag <\/span><span style=\"font-size: large;\">von M.A. martina strehlen, <a href=\"http:\/\/www.alte-synagoge.essen.de\/\" target=\"_blank\" rel=\"noopener noreferrer\">haus der j\u00fcdischen kultur, essen<\/a>: hans samuel &#8211; biografische skizze<br \/>\norgel: kantor stephan peller, dominik gerhard incl. tonaufnahme<\/span><\/p>\n<h4 lang=\"zxx\"><span style=\"font-size: large;\"><span style=\"color: #000080;\">6. april 2019<\/span> <\/span><\/h4>\n<p lang=\"zxx\"><span style=\"font-size: large;\">generalprobe (ebenfalls tonaufnahme)<\/span><\/p>\n<h4 lang=\"zxx\"><span style=\"font-size: large;\"><span style=\"color: #000080;\">28. m\u00e4rz 2019<\/span> <\/span><\/h4>\n<p lang=\"zxx\"><span style=\"font-size: large;\">die ausf\u00fchrungsleitung des projekts, markus emanuel zaja und ralf kaupenjohann, werden zur er\u00f6ffnung der <b>j\u00fcdischen kulturtage 2019 <\/b>im henkel-saal in d\u00fcsseldorf eingeladen.<\/span><\/p>\n<h4 lang=\"zxx\"><span style=\"font-size: large;\"><span style=\"color: #000080;\">27. m\u00e4rz 2019<\/span> <\/span><\/h4>\n<p lang=\"zxx\"><span style=\"font-size: large;\">hagit kochba, die in tel aviv lebende nichte hans samuels, hat nicht nur dessen klavier in stetigem gebrauch (letzte woche das bachsche doppelkonzert mit zwei freunden), sondern ist \u00fcber die auff\u00fchrung der werke ihres onkels in essen sehr erfreut.<\/span><\/p>\n<h4 lang=\"zxx\"><span style=\"font-size: large;\"><span style=\"color: #000080;\">m\u00e4rz 2019<\/span> <\/span><\/h4>\n<p lang=\"zxx\"><span style=\"font-size: large;\">die einladungen an die honoratioren aus politik, kultur und gesellschaft werden verschickt.<\/span><\/p>\n<p><img loading=\"lazy\" decoding=\"async\" class=\"wp-image-353 alignnone\" src=\"https:\/\/sephardicantata.shtetl.eu\/wp-content\/uploads\/2019\/03\/Briefe-300x200.jpg\" alt=\"\" width=\"600\" height=\"400\" srcset=\"https:\/\/sephardicantata.shtetl.eu\/wp-content\/uploads\/2019\/03\/Briefe-300x200.jpg 300w, https:\/\/sephardicantata.shtetl.eu\/wp-content\/uploads\/2019\/03\/Briefe-768x512.jpg 768w, https:\/\/sephardicantata.shtetl.eu\/wp-content\/uploads\/2019\/03\/Briefe-1024x683.jpg 1024w, https:\/\/sephardicantata.shtetl.eu\/wp-content\/uploads\/2019\/03\/Briefe.jpg 1200w\" sizes=\"auto, (max-width: 600px) 100vw, 600px\" \/><\/p>\n<h4 lang=\"zxx\"><span style=\"font-size: large;\"><span style=\"color: #000080;\">februar bis april 2019<\/span> <\/span><\/h4>\n<p lang=\"zxx\"><span style=\"font-size: large;\">intensive probenarbeit mit <a href=\"https:\/\/www.rubinstein-akademie.de\/teacher\/aron-proujanski\/\" target=\"_blank\" rel=\"noopener noreferrer\">aron proujanski<\/a><\/span><\/p>\n<h4 lang=\"zxx\"><span style=\"font-size: large;\"><span style=\"color: #000080;\">februar 2019<\/span> <\/span><\/h4>\n<p lang=\"zxx\"><span style=\"font-size: large;\">die Krupp von Bohlen und Halbach-Stiftung unterst\u00fctzt das projekt<\/span><\/p>\n<p><img loading=\"lazy\" decoding=\"async\" class=\"alignnone wp-image-184 size-medium\" src=\"https:\/\/sephardicantata.shtetl.eu\/wp-content\/uploads\/2019\/02\/AKBH_Logo_2z-schwarz-300x52.jpg\" alt=\"\" width=\"300\" height=\"52\" srcset=\"https:\/\/sephardicantata.shtetl.eu\/wp-content\/uploads\/2019\/02\/AKBH_Logo_2z-schwarz-300x52.jpg 300w, https:\/\/sephardicantata.shtetl.eu\/wp-content\/uploads\/2019\/02\/AKBH_Logo_2z-schwarz-768x134.jpg 768w, https:\/\/sephardicantata.shtetl.eu\/wp-content\/uploads\/2019\/02\/AKBH_Logo_2z-schwarz-1024x178.jpg 1024w\" sizes=\"auto, (max-width: 300px) 100vw, 300px\" \/><\/p>\n<h4 lang=\"zxx\"><\/h4>\n<h4 lang=\"zxx\"><\/h4>\n<h4 lang=\"zxx\"><span style=\"font-size: large; color: #000080;\">herbst 2018<\/span><\/h4>\n<p lang=\"zxx\"><span style=\"font-size: large;\"> proben des ensembles <i><b>shtetl<\/b><\/i> zur entflechtung und verbesserung der transskription des autographen<br \/>\nfeststellung der tatsache, da\u00df eine pc-orgel als simulation des <a href=\"https:\/\/walcker.com\/opus\/1000_1999\/1761-essen-synagoge.html\" target=\"_blank\" rel=\"noopener noreferrer\">walcker-instruments<\/a> f\u00fcr die <a href=\"http:\/\/www.alte-synagoge.essen.de\/\" target=\"_blank\" rel=\"noopener noreferrer\">alte synagoge<\/a> als auff\u00fchrungsinstrument schlicht jeden kostenrahmen sprengt und klanglich fragw\u00fcrdig bleibt.<br \/>\nzusage der erl\u00f6serkirchengemeinde als veranstaltungsort<br \/>\n<\/span><\/p>\n<h4 lang=\"zxx\"><span style=\"font-size: large; color: #000080;\">sommer 2018<\/span><\/h4>\n<p lang=\"zxx\"><span style=\"font-size: large;\">erste teilproben nach dem autographen, transskription der <em>sephardic cantata<\/em> f\u00fcr kammermusikalische besetzung<\/span><\/p>\n<h4 lang=\"zxx\"><span style=\"font-size: large; color: #000080;\">fr\u00fchjahr 2018 <\/span><\/h4>\n<p lang=\"zxx\"><span style=\"font-size: large;\">durchsicht der noten im archiv des <a href=\"http:\/\/www.alte-synagoge.essen.de\/\" target=\"_blank\" rel=\"noopener noreferrer\">hauses der j\u00fcdischen kultur<\/a><\/span><\/p>\n<h4 lang=\"zxx\"><span style=\"font-size: large;\"><span style=\"color: #000080;\">herbst 2017<\/span> <\/span><\/h4>\n<p lang=\"zxx\"><span style=\"font-size: large;\">(wieder)findung der noten hans samuels in der <a href=\"http:\/\/www.alte-synagoge.essen.de\/\" target=\"_blank\" rel=\"noopener noreferrer\">alten synagoge essen<\/a> durch den h\u00e4ufigen besucher markus emanuel zaja in der st\u00e4ndigen ausstellung im oberen stockwerk und nachfrage bei M.A. martina strehlen, ob eventuell mehr noten vorhanden seien. <\/span><\/p>\n","protected":false},"excerpt":{"rendered":"<p>essen | berlin | haifa \u2013 der j\u00fcdische komponist hans samuel (1901-1976) auff\u00fchrende: ensemble shtetl projektidee: markus emanuel zaja ausf\u00fchrungsleitung: ralf kaupenjohann, markus emanuel zaja 7. april 2019 auff\u00fchrung der werke in der erl\u00f6serkirche essen, vortrag von M.A. martina strehlen, haus der j\u00fcdischen kultur, essen: hans samuel &#8211; biografische skizze orgel: kantor stephan peller, dominik [&hellip;]<\/p>\n","protected":false},"author":1,"featured_media":0,"parent":37,"menu_order":0,"comment_status":"closed","ping_status":"closed","template":"","meta":{"footnotes":""},"class_list":["post-85","page","type-page","status-publish","hentry"],"_links":{"self":[{"href":"https:\/\/sephardicantata.shtetl.eu\/index.php\/wp-json\/wp\/v2\/pages\/85","targetHints":{"allow":["GET"]}}],"collection":[{"href":"https:\/\/sephardicantata.shtetl.eu\/index.php\/wp-json\/wp\/v2\/pages"}],"about":[{"href":"https:\/\/sephardicantata.shtetl.eu\/index.php\/wp-json\/wp\/v2\/types\/page"}],"author":[{"embeddable":true,"href":"https:\/\/sephardicantata.shtetl.eu\/index.php\/wp-json\/wp\/v2\/users\/1"}],"replies":[{"embeddable":true,"href":"https:\/\/sephardicantata.shtetl.eu\/index.php\/wp-json\/wp\/v2\/comments?post=85"}],"version-history":[{"count":30,"href":"https:\/\/sephardicantata.shtetl.eu\/index.php\/wp-json\/wp\/v2\/pages\/85\/revisions"}],"predecessor-version":[{"id":445,"href":"https:\/\/sephardicantata.shtetl.eu\/index.php\/wp-json\/wp\/v2\/pages\/85\/revisions\/445"}],"up":[{"embeddable":true,"href":"https:\/\/sephardicantata.shtetl.eu\/index.php\/wp-json\/wp\/v2\/pages\/37"}],"wp:attachment":[{"href":"https:\/\/sephardicantata.shtetl.eu\/index.php\/wp-json\/wp\/v2\/media?parent=85"}],"curies":[{"name":"wp","href":"https:\/\/api.w.org\/{rel}","templated":true}]}}

entwicklungsübersicht

<h1 lang="zxx"><strong><span style="font-size: large;">essen | berlin | haifa – der jüdische komponist hans samuel (1901-1976)</span></strong></h1>
<p lang="zxx"><span style="font-size: large;">aufführende: ensemble <a href="http://shtetl.eu" target="_blank" rel="noopener noreferrer"><i><b>shtetl</b></i> </a></span></p>
<p lang="zxx"><span style="font-size: large;">projektidee: markus emanuel zaja</span></p>
<p lang="zxx"><span style="font-size: large;">ausführungsleitung: ralf kaupenjohann, markus emanuel zaja</span></p>
<h4 lang="zxx"><span style="font-size: large;"><span style="color: #000080;">7. april 2019</span> </span></h4>
<p lang="zxx"><span style="font-size: large;">aufführung der werke in der <a href="https://www.erloeser-holsterhausen.de/" target="_blank" rel="noopener noreferrer">erlöserkirche essen</a>,<br />
vortrag </span><span style="font-size: large;">von M.A. martina strehlen, <a href="http://www.alte-synagoge.essen.de/" target="_blank" rel="noopener noreferrer">haus der jüdischen kultur, essen</a>: hans samuel &#8211; biografische skizze<br />
orgel: kantor stephan peller, dominik gerhard incl. tonaufnahme</span></p>
<h4 lang="zxx"><span style="font-size: large;"><span style="color: #000080;">6. april 2019</span> </span></h4>
<p lang="zxx"><span style="font-size: large;">generalprobe (ebenfalls tonaufnahme)</span></p>
<h4 lang="zxx"><span style="font-size: large;"><span style="color: #000080;">28. märz 2019</span> </span></h4>
<p lang="zxx"><span style="font-size: large;">die ausführungsleitung des projekts, markus emanuel zaja und ralf kaupenjohann, werden zur eröffnung der <b>jüdischen kulturtage 2019 </b>im henkel-saal in düsseldorf eingeladen.</span></p>
<h4 lang="zxx"><span style="font-size: large;"><span style="color: #000080;">27. märz 2019</span> </span></h4>
<p lang="zxx"><span style="font-size: large;">hagit kochba, die in tel aviv lebende nichte hans samuels, hat nicht nur dessen klavier in stetigem gebrauch (letzte woche das bachsche doppelkonzert mit zwei freunden), sondern ist über die aufführung der werke ihres onkels in essen sehr erfreut.</span></p>
<h4 lang="zxx"><span style="font-size: large;"><span style="color: #000080;">märz 2019</span> </span></h4>
<p lang="zxx"><span style="font-size: large;">die einladungen an die honoratioren aus politik, kultur und gesellschaft werden verschickt.</span></p>
<p><img loading="lazy" decoding="async" class="wp-image-353 alignnone" src="https://sephardicantata.shtetl.eu/wp-content/uploads/2019/03/Briefe-300x200.jpg" alt="" width="600" height="400" srcset="https://sephardicantata.shtetl.eu/wp-content/uploads/2019/03/Briefe-300x200.jpg 300w, https://sephardicantata.shtetl.eu/wp-content/uploads/2019/03/Briefe-768x512.jpg 768w, https://sephardicantata.shtetl.eu/wp-content/uploads/2019/03/Briefe-1024x683.jpg 1024w, https://sephardicantata.shtetl.eu/wp-content/uploads/2019/03/Briefe.jpg 1200w" sizes="auto, (max-width: 600px) 100vw, 600px" /></p>
<h4 lang="zxx"><span style="font-size: large;"><span style="color: #000080;">februar bis april 2019</span> </span></h4>
<p lang="zxx"><span style="font-size: large;">intensive probenarbeit mit <a href="https://www.rubinstein-akademie.de/teacher/aron-proujanski/" target="_blank" rel="noopener noreferrer">aron proujanski</a></span></p>
<h4 lang="zxx"><span style="font-size: large;"><span style="color: #000080;">februar 2019</span> </span></h4>
<p lang="zxx"><span style="font-size: large;">die Krupp von Bohlen und Halbach-Stiftung unterstützt das projekt</span></p>
<p><img loading="lazy" decoding="async" class="alignnone wp-image-184 size-medium" src="https://sephardicantata.shtetl.eu/wp-content/uploads/2019/02/AKBH_Logo_2z-schwarz-300x52.jpg" alt="" width="300" height="52" srcset="https://sephardicantata.shtetl.eu/wp-content/uploads/2019/02/AKBH_Logo_2z-schwarz-300x52.jpg 300w, https://sephardicantata.shtetl.eu/wp-content/uploads/2019/02/AKBH_Logo_2z-schwarz-768x134.jpg 768w, https://sephardicantata.shtetl.eu/wp-content/uploads/2019/02/AKBH_Logo_2z-schwarz-1024x178.jpg 1024w" sizes="auto, (max-width: 300px) 100vw, 300px" /></p>
<h4 lang="zxx"></h4>
<h4 lang="zxx"></h4>
<h4 lang="zxx"><span style="font-size: large; color: #000080;">herbst 2018</span></h4>
<p lang="zxx"><span style="font-size: large;"> proben des ensembles <i><b>shtetl</b></i> zur entflechtung und verbesserung der transskription des autographen<br />
feststellung der tatsache, daß eine pc-orgel als simulation des <a href="https://walcker.com/opus/1000_1999/1761-essen-synagoge.html" target="_blank" rel="noopener noreferrer">walcker-instruments</a> für die <a href="http://www.alte-synagoge.essen.de/" target="_blank" rel="noopener noreferrer">alte synagoge</a> als aufführungsinstrument schlicht jeden kostenrahmen sprengt und klanglich fragwürdig bleibt.<br />
zusage der erlöserkirchengemeinde als veranstaltungsort<br />
</span></p>
<h4 lang="zxx"><span style="font-size: large; color: #000080;">sommer 2018</span></h4>
<p lang="zxx"><span style="font-size: large;">erste teilproben nach dem autographen, transskription der <em>sephardic cantata</em> für kammermusikalische besetzung</span></p>
<h4 lang="zxx"><span style="font-size: large; color: #000080;">frühjahr 2018 </span></h4>
<p lang="zxx"><span style="font-size: large;">durchsicht der noten im archiv des <a href="http://www.alte-synagoge.essen.de/" target="_blank" rel="noopener noreferrer">hauses der jüdischen kultur</a></span></p>
<h4 lang="zxx"><span style="font-size: large;"><span style="color: #000080;">herbst 2017</span> </span></h4>
<p lang="zxx"><span style="font-size: large;">(wieder)findung der noten hans samuels in der <a href="http://www.alte-synagoge.essen.de/" target="_blank" rel="noopener noreferrer">alten synagoge essen</a> durch den häufigen besucher markus emanuel zaja in der ständigen ausstellung im oberen stockwerk und nachfrage bei M.A. martina strehlen, ob eventuell mehr noten vorhanden seien. </span></p>

<p>essen | berlin | haifa – der jüdische komponist hans samuel (1901-1976) aufführende: ensemble shtetl projektidee: markus emanuel zaja ausführungsleitung: ralf kaupenjohann, markus emanuel zaja 7. april 2019 aufführung der werke in der erlöserkirche essen, vortrag von M.A. martina strehlen, haus der jüdischen kultur, essen: hans samuel &#8211; biografische skizze orgel: kantor stephan peller, dominik [&hellip;]</p>
